s the value of (0 - 1 - 2 - 1) + -3271 + 3294 - 11?
8
9076 + -9093 - (3 + 2 + -7 + -27)
12
49 - ((-19 - 8) + 95)
-19
What is 5 + ((-38 - -40) + 0 + 10 - 78) + 15?
-46
What is the value of (5 - (-5 - -5)) + (62 - 95)?
-28
Evaluate (0 - -1) + -2 - ((-21 - -24 - -17) + -3).
-18
What is 73 + 0 - (13 + 12 + -29 - -9)?
68
Evaluate (-145 - 32 - -74) + 87.
-16
What is -2 - (-10 + 6 + 1 + (10 - -4))?
-13
Evaluate -60 + (51 - (-67 - -121)).
-63
What is -1 + -28 + (-54 - (107 + -106))?
-84
What is the value of (0 - (-1 - 2)) + -282 + (598 - 281) - -1?
39
What is the value of -29 + -12 + (32 - 22 - 26)?
-57
What is (50 - 117 - 10) + 57?
-20
(-113 - -41) + (-75 - -98)
-49
Calculate 5 + (-2 - (4 + (11 - 3) + -10)) - 16.
-15
What is 165 + 0 - (0 + ((-16 - -39) + 0 - 13))?
155
What is the value of -34 - ((-1 - -41) + -40)?
-34
What is the value of -11 + (19 - -1) + (-148 - -138)?
-1
What is -16 - (-24 + 13 + (108 - (40 + -20)))?
-93
What is the value of 0 + -42 + -987 + 1023?
-6
What is the value of -23 - ((-8 - 20) + 8) - (0 - -17)?
-20
Calculate (-104 - (-15 + 37)) + (7 + 1 - (-1 + -1)).
-116
Evaluate (-14 - (-30 - (0 - 7))) + -5.
4
-12 + 35 + (-27 - (3 + -7))
0
What is (37 + -70 - -43) + 33 + (-1 + 2 - 0)?
44
What is -116 + 109 + (1 - 9) + -19?
-34
Evaluate -49 + 0 + (-3 - (-14 + -3)).
-35
What is the value of (367 - 121) + -127 - 76?
43
What is 12 + 48 + 25 + -11 + -43?
31
What is the value of (-658 - -762) + 0 + 2 - 14?
92
(-666 - -715) + -108 + -6
-65
(2 - -9) + 94 - (-28 + (15 - 8))
126
Evaluate -58 - ((13 - (-29 + 19)) + -22).
-59
12 - (-7 - -4) - (45 + -4 + (-172 - -28))
118
Calculate 7 + -7 + (511 + -494 - (1 - -21)).
-5
Evaluate -25 - (2 - (-19 - 14)).
-60
Calculate -94 - (-107 + 41) - (2 + -98).
68
What is (0 - -8) + (-30 - -8 - (6 + 3 + -12))?
-11
Calculate (-3 - (-3 + 9)) + 4 - (12 - (-8 - -25)).
0
What is -90 + 43 - (-111 - -22)?
42
Calculate 3 - 112 - (-81 + 45) - -2.
-71
8 - (15 - 20) - -3 - (22 + -4)
-2
Calculate (3 - -9) + -4 - (-35 - -17 - (-2 + -4)).
20
Evaluate (48 - 0) + -810 + 725.
-37
Evaluate 12 - (84 + -166) - (-8 + 0) - (-1 - -8).
95
What is the value of 13 + (4 + (-51 + 25 - -31) - (-81 + -2))?
105
Calculate 10 + (-21 - -15) + 8 + 8 + -5.
15
What is -10 + 38 + -6 + (61 - 119)?
-36
What is -126 - -114 - (4 + 39 - 8)?
-47
Evaluate -15 - (-72 + (72 - 107)).
92
What is (1 - -12) + (-58 - -71) + -58 + 81?
49
72 - 70 - (-16 + 12 + 138 - 7)
-125
What is the value of 88 - 43 - (55 - 6)?
-4
What is (-25 + (38 - 0) - 9) + 0 + 8 - -9?
21
What is -82 + (-44 - -23) + 67?
-36
Evaluate -11 + (13 + 8 + -9 - (12 + -18)).
7
What is the value of 13 + (25 - (-39 - (-18 - 63)))?
-4
Calculate (1 - -73) + (270 - 620) + 328.
52
What is the value of (0 - (0 - 84)) + -19 + (-22 - (-3 - 30))?
76
67 - -2 - (952 + -917)
34
Evaluate -25 + (14 - 2) + 6 + -3 + (8 - -94).
92
What is -9 + 40 + -13 + -21 + 2 + 95?
94
Evaluate (-7 - -25 - 6) + (110 - (0 - 1)) + 4.
127
What is the value of -21 + -27 + 22 + 32?
6
What is 78 + -75 + 7 + 2 + -44 + -10?
-42
((-11 - -18) + 10 - 6) + (-6 - (-9 - -27))
-13
What is the value of -6 + -2 - -2 - (1430 - 1440) - -13?
17
What is -14 + 0 - -6 - (-14 + 49)?
-43
-81 - (7 + 1) - -12 - (-6 - (19 + -25))
-77
(-1008 - -981) + (39 - 0)
12
24 - 20 - (-12 + 48 + (1 - -5))
-38
39 + 96 + (40 - 100)
75
Evaluate 27 - (-689 + 707 + 69 + 0).
-60
Calculate -117 + (68 - -7) - (4 - 19).
-27
What is the value of 7 - 3 - ((-1 - -9) + (-41 - -68)) - -6?
-25
Evaluate -121 - (-26 + -19) - (-2 + -15).
-59
What is the value of -66 - (23 - -1) - -34?
-56
What is the value of -43 + 4 + (-406 - -394 - (-1 + 2 + -5))?
-47
Evaluate 52 + (-50 - (-54 - -60)).
-4
Evaluate -42 - (17 - (22 - (2 + 13) - -16)).
-36
-3 + 9 + -1 - (359 + -396)
42
What is the value of 49 - (-39 - (-87 - -7))?
8
Evaluate 7 + (2 - (9 + 3) - -22) + 12.
31
What is 40 + (0 - 38) + 2 + -18 - -53?
39
What is 41 + 4 - ((-7 - 8) + -15)?
75
-55 + (14 - -4) + -3 + (12 - 7)
-35
Calculate -36 + (4 - 2) - 0 - (58 + -51).
-41
What is the value of 0 - (-1 + -18) - (43 + -81 + (10 - -37))?
10
3 + -4 - (-33 + 2 + (-21 + -2 - -19))
34
What is -7 + 17 + 4 + 29 + -1 - -15?
57
Evaluate 197 + -211 - (3 + -7 + 1 + 6).
-17
Evaluate ((13 - -41) + -25 - -33) + 0 + -14.
48
Evaluate 4 + -4 - -9 - (124 + -113) - (11 - -2).
-15
What is (-4 - (3 + -7)) + 7 - (6 + -2 + 39)?
-36
Evaluate 87 + (-22 - -78) + -32 - 13.
98
What is 6 - (3 + (-2 - -2)) - (98 + -69)?
-26
What is the value of (-278 - -247) + 2 + 28?
-1
50 - (48 + -28 + -18)
48
What is the value of 176 + -4 + -9 - 56?
107
Evaluate -50 - (-15 + -34) - (-7 - (4 + 87)).
97
What is the value of (-1 - 8) + -14 + -4 + 24?
-3
Calculate 41 - (64 - -48) - 56.
-127
Evaluate -27 - (-23 + 22 + 17 - 36).
-7
Calculate -14 - (-35 - (2 - 27)) - (-1 - 9) - 64.
-58
Calculate 76 + (32 - 45) + 16 + -14 + 6.
71
Calculate (-15 - 9) + -320 + 395.
51
67 + 10 + (62 - 65)
74
What is -36 + (15 - (61 - 5))?
-77
Evaluate 14 - (-4 - (-65 + 14 + 0)).
-33
What is the value of -28 + -7 + -401 + 375?
-61
Evaluate -8 + 1 + (-27 + 13 - -9) - -15.
3
What is -5 - (-56 + -45 + -8 + 2)?
102
Calculate 0 - ((-1 - 51 - 0) + (14 + 6 - 21)).
53
Evaluate -92 - 0 - ((289 - 281) + -1 + 0) - -4.
-95
What is the value of -129 - (-25 - -22 - -22 - (1 - -43))?
-104
What is -10 + (0 - (4 - (-6 - (-4 + 6))))?
-22
Evaluate 101 + 8 + -96 + (0 - 9).
4
Evaluate (-47 - -2) + -278 + 239.
-84
Calculate 3 + 45 + -29 - 32.
-13
Calculate 3 - (-14 + (5 - -10)) - 13.
-11
Calculate 11 + (9 + -22 - 1) - (-1 - 20).
18
Evaluate -20 + 2 + 7 - ((34 - 4) + (7 - 4)).
-44
What is the value of 24 + (4 - 3) + 10 + -1 + 1?
35
What is 5 - -54 - (40 + 56)?
-37
What is the value of (-15 + 1 - ((-15 - (10 + 6)) + 6)) + 86?
97
What is -2 + -9 + (-16 - (-7 - -4) - (429 - 498))?
45
Calculate 13 + (10 - (-12 - -25 - -2)) + 10.
18
Evaluate 0 + -32 - (3 - -31 - (135 - 100)).
-31
Evaluate -11 - ((8 - (170 + (-28 - 4))) + -1 + 1).
119
8 + (0 - 5 - (1 - (20 + -28)))
-6
Evaluate 0 - (-2 - -4) - (-90 - (40 - 37)).
91
Calculate -212 + 199 + -20 + -2 + -1.
-36
Evaluate 10 - (-34 + 2 + 80).
-38
What is the value of (-70 - (-26 - (36 + -12))) + -75?
-95
Evaluate -10 - ((1 - -8) + (-85 - -79)) - 18.
-31
(-2 - (-10 - (-2 - -1))) + 73 + -51 + -95
-66
What is 91 - (2 + -18 + -115 + 119)?
103
Evaluate -86 + 25 - (13 - (-11 - -22)) - 8.
-71
What is the value of 22 + 49 - (26 - 15 - -10)?
50
(-29 - (92 + -63)) + 20
-38
Evaluate 0 - ((1 - 39) + (-794 - -722)).
110
Evaluate 21 + -40 + (7 - 6) + 5 + -13.
-26
Calculate (-68 - -49) + 60 - 59.
-18
What is the value of 17 + -142 + (2 - -168)?
45
What is (11 - -1) + 5 + 32 + -61 + -32?
-44
What is -69 + (-15 - -30) + 31 + (11 - 0) + 101?
89
What is the value of (-60 - (17 + -11)) + (-39 - -66)?
-39
What is the value of 25 + -1 + -20 + 42 + -71?
-25
Calculate -14 + 1 + -6 + 3 + -4.
-20
What is -1 + -29 - 1 - (2129 + -2147)?
-13
(14 - -3) + 104 + -100 + -31 + 27 + -1
16
Evaluate (-6 - (-11 - 3)) + 18 + (5 - (-2 + 10)).
23
14 + -21 - (247 - 156)
-98
What is the value of (-102 - 36) + 12 - -103?
-23
Calculate (0 - -5 - (-12 - -26)) + 12 - (0 + -58).
61
What is (-1 + -8 - 26 - 12) + 12 + 2?
-33
What is the value of -9 + 4 + -3 + (-5 - -9) + -20?
-24
(-19 - -12 - 1) + (-5 - (21 + -9))
-25
-89 + 116 + -120 + 122
29
Evaluate 17 + (2 - 15) + (-29 - -4) + 40.
19
What is 4208 + -4073 + -236 + 4?
-97
What is -200 - -237 - (-15 + 7 + 3)?
42
-4 + 5 + -14 + 21 - (-3 + 50)
-39
Evaluate -14 + 121 + -144 + -29 + -3.
-69
What is the value of -12 + (-43 - (-33 - 2))?
-20
What is 13 + -39 + 28 + -52 + -1 + -3 + 0?
-54
What is the value of 14 + -32 + -35 + 13?
-40
Evaluate (-8 - (-1 - (3 + -1) - -4) - -9) + -10.
-10
What is -78 + (61 - (-32 + 122))?
-107
Calculate 19 - (11 - (29 - (21 + 18))).
-2
Calculate 4 + -19 + -5 + 6 + 262 + -271.
-23
Evaluate 3 + (14 - (1 - 32 - (-40 - -41) - 9)).
58
What is the value of -7 + 72 - (-482 + 522)?
25
Calculate (9 - (-16 + 42 + -15)) + (-6 - -4 - -48).
44
Evaluate (11 - 5 - ((-1 - 0) + 8)) + 38.
37
What is -8 + 0 - -2 - ((-17 - -154) + -119)?
-24
Evaluate 6 - (16 - (111 + -94)).
7
What is -9 - 1 - (224 + -157 - (5 + -7))?
-79
-21 + 8 - (-111 - -99)
-1
-23 + (67 - 49 - ((-76 - 6) + -1))
78
319 - 340 - (-14 - 2) - (83 + 10 + -4)
-94
What is -25 + (1 - (-8 - (4 + -8))) + (-5 - 3)?
-28
What is (3 - 21) + 4